= 3*p - 24. Let h(r) = -323*r - 37. Is h(z) a composite number?
False
Let p = 66 + -6. Is 40327/9 + p/270 a prime number?
True
Let u = 77 - 48. Let w(q) = -8*q + 27 - q**3 - 14*q**2 - 25 - 2*q + u. Is w(-18) composite?
True
Let y be 1*5 - (30 - 20). Let a(h) = 10*h**3 + 10*h**2 + 16*h - 1. Let k be a(y). Let w = k - -1912. Is w a prime number?
False
Suppose -2*a - 18665 = -0*i + i, -18647 = i - 4*a. Let g = -9774 - i. Is g a composite number?
True
Let s(o) = 2*o + 1. Let n(f) = -79*f**3 + 2*f**2 + 1. Let t(u) = n(u) + 2*s(u). Is t(-2) composite?
True
Suppose 0 = 5*t + 3*k - 5*k - 68, 3*t = -4*k + 20. Suppose -7*i = -t*i + 375. Is 1251 + ((-1)/(-4) - i/(-20)) composite?
True
Suppose -4*v - 308719 = -3*a, 5*v - 205782 = 211*a - 213*a. Is a a prime number?
False
Suppose o - 51 = -2*t + 17, t = 3*o + 48. Let j be (-2)/(-12) - (-141330)/t. Let z = -1977 + j. Is z a composite number?
False
Suppose 81 - 57 = 8*c. Suppose 13*t - 11*t = -4*o + 18558, 13906 = c*o - t. Is o a composite number?
False
Suppose 0 = w + 2 + 2, 4*g - 4*w = 756. Suppose -g = -5*d + 1340. Suppose -3*k = d - 4136. Is k a composite number?
False
Let x(u) = -u**2 - 16*u - 31. Let h be x(-13). Let m be ((-2)/(1*h))/(1/(-4)). Is m*344/32*(1 - -91) a composite number?
True
Let s(o) = -4*o**3 + 8*o**2 + 8*o + 3. Suppose 52*n = 60*n + 56. Is s(n) composite?
True
Is 1870440/18 - 20/60 a prime number?
True
Suppose -4*w - 5*v + 15323 - 5216 = 0, -4*w + 10109 = 3*v. Suppose -5*z = -w - 1017. Is z prime?
True
Let r(t) be the first derivative of 49*t**2/2 + 9*t + 340. Let y = -6 - -11. Is r(y) composite?
True
Let q(i) be the first derivative of -2*i**3 - 15*i - 23/2*i**2 - 3/4*i**4 - 28. Is q(-10) prime?
False
Let j(r) = -2*r**3 - 266*r**2 + 82*r + 137. Is j(-136) composite?
False
Let p be (6 - 4) + 3 + (-3 - -3). Suppose p*a = 1056 + 839. Is a composite?
False
Let d(t) = t**2 - 4*t - 3. Let a be d(5). Suppose -2*v + a = -3*m, -2*m + 3*m - v + 1 = 0. Suppose m = -h + 1 + 2, -4*h - 137 = -c. Is c prime?
True
Let b(u) = 71*u + 33. Let q be b(5). Suppose r + r = q. Is r a prime number?
False
Let u(p) = 10*p**2 - 7*p + 20. Let a(b) = 2*b**2 + 3*b - 6. Suppose 0*j = -2*j + 6. Let g be a(j). Is u(g) a composite number?
False
Let r(p) = 99*p + 25. Let b(g) = -g**2 - 11*g + 28. Let d be b(-13). Let o(w) = 98*w + 25. Let q(t) = d*r(t) - 3*o(t). Is q(-3) prime?
True
Suppose -4*s = -s - s. Suppose 13*b - 14*b + 1171 = s. Is b composite?
False
Let u = 1665001 - 446154. Is u a composite number?
True
Suppose -4*i - 121 = 23. Let g be 1150/3 + (-24)/i. Suppose 2*j = -5*z + g, 0 = 4*j + 2*z + 3*z - 788. Is j a prime number?
False
Let v(c) = c**3 + 14*c**2 + 13*c + 12. Let l be v(-13). Suppose -5*y + 9*y = l. Is 1*(750 - y) - 1 prime?
False
Let z = -86914 - -184737. Is z a composite number?
True
Let h(u) = -3*u**3 - 30*u**2 - 2*u + 23. Suppose 2*r - 6 - 32 = 3*j, -5*r = -2*j - 29. Is h(j) a composite number?
False
Is (242992/(-48))/(11/(-165)) a prime number?
False
Suppose -12*y + 835302 = -251247 - 1481895. Is y prime?
False
Suppose -4 = -z, z = b + 2*b + 49. Let j(r) = -r**3 - 10*r**2 - 17*r - 13. Let f be j(b). Suppose -4*l + f + 2001 = -4*p, 4*l - 3340 = -3*p. Is l composite?
True
Let z(p) = 126893*p - 9757. Is z(6) a prime number?
False
Suppose 325*u = 297*u + 755468. Is u composite?
False
Let y(m) be the first derivative of 3*m**4/2 + 2*m**3/3 + m**2/2 - 7*m + 147. Is y(16) prime?
True
Let n be (5 + 16)/3 + -5. Suppose -3*s = -n*d - 2880 - 6047, 5*s - 14881 = 2*d. Is s a prime number?
False
Suppose -4*h = -20, -h = 42*p - 47*p + 874530. Is p composite?
False
Suppose -184 = i - 5*i. Let n = i - 42. Suppose x + n*x - 10 = 0, 3*w = -5*x + 1987. Is w composite?
False
Let j(n) = n**3 + 51 + 39*n**2 + 78 - 52 - 76*n. Is j(-32) composite?
False
Let r be (2 + -3)/(27/(-56727)). Suppose -4*w + 2*n = -5*w + r, 4193 = 2*w - 5*n. Is w a composite number?
False
Suppose n - 17*g - 1538 = -14*g, 3*n - 4*g = 4624. Let a(w) = -533*w**3 + w**2 + 2*w + 1. Let u be a(-1). Let r = n - u. Is r a composite number?
True
Is 57044 + (3 - 1 - 9)/1 prime?
True
Let c be 10/(-60) - ((-49)/6 - 1). Suppose c*p + g = 7*p + 1312, 5*p + g - 3286 = 0. Suppose -3*t + 7897 - p = 0. Is t prime?
False
Let l be 15*((-56)/10 - -2). Let m be (-19)/(-76) + l/(-8). Suppose 2956 = 11*b - m*b. Is b a prime number?
True
Let p be (-1)/(-5) - (-999)/(-45). Let m = -12 - p. Is -4 + m*127 + -4 composite?
True
Let p(a) = 3*a**2 - a + 1. Let w be p(1). Let f(j) be the third derivative of 25*j**4/12 - 2*j**3/3 - 372*j**2 + 1. Is f(w) a prime number?
False
Let s(q) = -11*q + 147. Let k be s(13). Suppose 0 = -3*f + 4*u + 18307, -24788 + 332 = -4*f - k*u. Is f prime?
False
Is (-2615262)/(-48) - -8 - (-3)/8 a prime number?
True
Let b(h) = -1664*h + 833. Is b(-15) a prime number?
True
Let k(i) = 1440*i**2 + i + 1. Let b be k(-1). Let m = b + 3431. Is m a composite number?
False
Suppose 3*j = 4*p - 124, 3*p - 4 = -j + 76. Suppose 0*m + 2*m = p. Let n(k) = 5*k + 27. Is n(m) prime?
True
Let k = -43 - -43. Let w be 16*(5/20 - k). Suppose -1061 + 413 = -w*n - 4*o, 2*n - o = 327. Is n prime?
True
Let p be (2 - (2 - -1))*(-2 - -1). Suppose 13 = o + p. Is ((-632)/o)/((-7)/((-21)/(-2))) prime?
True
Let o(f) = -21*f**3 - 54*f**2 - 510*f + 61. Is o(-18) composite?
False
Suppose -3*j = -4*v - 22098, 0 = -3*j + 5*v - 0*v + 22101. Let t = j - 2481. Is t a composite number?
True
Let r = -102847 + 150054. Is r prime?
True
Suppose -4*b = -3 + 15, 3*b - 336226 = -5*i. Is i prime?
True
Suppose -2*f + 12686 = 3*h - 12966, 3*h + 64088 = 5*f. Let r = 18309 - f. Is r a composite number?
True
Let b = 26651 - -29112. Is b composite?
False
Let g = -25391 + 40200. Is g a composite number?
True
Let y(o) = 4*o**3 - o**2 - 2*o + 9781. Is y(0) a composite number?
False
Let x = -20755 + 20795. Let h(r) = 4*r - 3. Let v be h(6). Let a = x - v. Is a prime?
True
Let x(v) = 7*v**2 + 5*v + 17. Let u = 36 - 28. Let j be x(u). Suppose 2*o - 1529 = -3*r, r - 2*r = -4*o - j. Is r prime?
True
Let v(a) = -a**2 - a + 1. Let z(q) = 94*q**2 + 16*q - 2. Let j(s) = 3*v(s) + z(s). Let b(x) be the first derivative of j(x). Is b(2) composite?
True
Let g be ((-320)/(-48))/((-1)/4773). Let a = -12273 - g. Is a a prime number?
False
Let m(n) = -n**3 + 17*n**2 - 16*n + 3. Let j be m(16). Suppose -2*k + 4*k + 2506 = 4*p, -j*p + 1862 = -5*k. Is p composite?
True
Suppose -3*w + 32 = -10. Let m be -1*((-74)/w - 12/(-42)). Suppose -2*c + 10087 = m*c. Is c prime?
False
Suppose 4*j - 503*h = -502*h + 370931, 0 = j - h - 92738. Is j prime?
False
Let s(i) = 57*i**2 + 212*i + 202. Is s(-55) prime?
True
Suppose -32*d - 71*d = -4475453. Is d composite?
False
Let k = -62 + 62. Let m be 14682/9*((-3)/(-2) + k). Let x = m + 1040. Is x a prime number?
False
Let z = 36330 - 22276. Is z a composite number?
True
Suppose 2*h - 2 = 3*p, -4*h + p = 4*p + 14. Let c(o) = -321*o**3 - o**2 + 7*o + 13. Is c(h) composite?
True
Suppose 0 = 17*s - 81 + 115. Let l(m) = 2923*m**2 - 3*m - 5. Is l(s) a composite number?
True
Let i = -166126 + 247209. Is i a prime number?
True
Let c = -1810 - -1691. Suppose 3*f = -f - 280. Let s = f - c. Is s prime?
False
Let w = 49 + -43. Let h = 10 - w. Suppose 0 = -h*g - g - 20, -2*q + 3*g + 394 = 0. Is q a prime number?
True
Let z(w) = 9275*w + 5795. Is z(10) a prime number?
False
Suppose -3*u + 194109 = 5*q, -2*u = -2*q + 4*q - 77646. Suppose 3*r = 8*r - q. Suppose -4*a + 2682 = -2*m - r, -4*a - 5*m + 10439 = 0. Is a prime?
False
Let k(t) = -3*t + 5. Let y be k(0). Suppose 0 = -5*s - h + 17, 4*s - 3*h - 1 = y. Suppose -2*c + 695 = s*c. Is c a prime number?
True
Let x(i) = 2*i + 37. Let h(u) = u + 7. Let y be h(-9). Let q be 30*(-1)/y - 0. Is x(q) a prime number?
True
Suppose -22*s = -10*s + 3*g - 41205, 6 = 2*g. Is s a composite number?
False
Let u(p) = 65*p**2 - 61*p + 49. Let x be u(20). Let y = x + -14696. Is y composite?
False
Suppose -4*q = -1805*r + 1804*r - 2559251, 4*q = -r + 2559237. Is q a composite number?
True
Let t be 0*(3 + 10/(-4)). Let y(l) = -l + 6. Let m be y(t). Is (-1 + 57/6)*m composite?
True
Let l be (-12)/30 + 5/((-25)/(-2)). Let a be 1*-3*(-1743)/63. Suppose 4*w - 293 = 5*g, -w + 4*g - 6*g + a = l. Is w a composite number?
True
Let d be 6 + -4 + (-2 - (3 - 3)). Suppose d*k + 22*k - 7